03?
13, 44131
What are the prime factors of 306454?
2, 73, 2099
What are the prime factors of 276484?
2, 13, 409
List the prime factors of 21203.
7, 13, 233
List the prime factors of 34477.
23, 1499
List the prime factors of 1577789.
139, 11351
List the prime factors of 69379.
69379
What are the prime factors of 218625?
3, 5, 11, 53
What are the prime factors of 1396802?
2, 11, 173, 367
List the prime factors of 556031.
7, 79433
What are the prime factors of 4853594?
2, 277, 8761
What are the prime factors of 231823?
231823
What are the prime factors of 16755?
3, 5, 1117
What are the prime factors of 13071897?
3, 1452433
List the prime factors of 537130.
2, 5, 11, 19, 257
What are the prime factors of 108233?
108233
What are the prime factors of 504056?
2, 7, 9001
What are the prime factors of 1394387?
293, 4759
What are the prime factors of 1558485?
3, 5, 59, 587
What are the prime factors of 386309?
7, 11, 29, 173
List the prime factors of 6382681.
6382681
What are the prime factors of 4168784?
2, 260549
List the prime factors of 172354.
2, 7, 13, 947
List the prime factors of 14387.
14387
What are the prime factors of 10714536?
2, 3, 7, 3037
What are the prime factors of 1193511?
3, 11, 59, 613
What are the prime factors of 1013455?
5, 17, 11923
List the prime factors of 101356.
2, 25339
List the prime factors of 940047.
3, 47, 59, 113
List the prime factors of 691330.
2, 5, 257, 269
What are the prime factors of 15454599?
3, 5151533
List the prime factors of 1534024.
2, 337, 569
List the prime factors of 101664.
2, 3, 353
What are the prime factors of 1172566?
2, 19, 59, 523
List the prime factors of 1937967.
3, 43, 83, 181
List the prime factors of 5832275.
5, 17, 13723
What are the prime factors of 19036950?
2, 3, 5, 126913
List the prime factors of 3260201.
7, 465743
List the prime factors of 1580180.
2, 5, 7, 11287
List the prime factors of 14432780.
2, 5, 19, 1999
What are the prime factors of 736547?
7, 43, 2447
What are the prime factors of 5862147?
3, 29, 43, 1567
List the prime factors of 5745196.
2, 79, 18181
List the prime factors of 2958585.
3, 5, 7, 19, 1483
What are the prime factors of 14380450?
2, 5, 7, 181, 227
List the prime factors of 650.
2, 5, 13
List the prime factors of 3444303.
3, 191, 6011
List the prime factors of 293455.
5, 19, 3089
What are the prime factors of 885358?
2, 149, 2971
What are the prime factors of 985659?
3, 101, 3253
What are the prime factors of 13207549?
3191, 4139
What are the prime factors of 1756593?
3, 17, 43, 89
List the prime factors of 353600.
2, 5, 13, 17
List the prime factors of 313099.
23, 13613
List the prime factors of 6974.
2, 11, 317
What are the prime factors of 344481?
3, 114827
List the prime factors of 316359.
3, 11717
What are the prime factors of 19804662?
2, 3, 122251
List the prime factors of 851935.
5, 7, 101, 241
What are the prime factors of 767439?
3, 71, 1201
What are the prime factors of 4537835?
5, 907567
What are the prime factors of 525857?
29, 18133
What are the prime factors of 11215853?
11, 92693
What are the prime factors of 12245187?
3, 37, 107, 1031
What are the prime factors of 416065?
5, 13, 37, 173
What are the prime factors of 5090?
2, 5, 509
List the prime factors of 13029420.
2, 3, 5, 217157
What are the prime factors of 1583581?
191, 8291
List the prime factors of 58911.
3, 73, 269
List the prime factors of 1420092.
2, 3, 487
List the prime factors of 576723.
3, 7, 29, 947
List the prime factors of 623491.
11, 56681
What are the prime factors of 2308?
2, 577
What are the prime factors of 9734225?
5, 389369
What are the prime factors of 278042?
2, 139021
What are the prime factors of 4297496?
2, 7, 19, 577
List the prime factors of 27600529.
11, 23, 127, 859
What are the prime factors of 774167?
157, 4931
What are the prime factors of 28126956?
2, 3, 11, 13, 37, 443
What are the prime factors of 203630?
2, 5, 7, 2909
List the prime factors of 963719.
963719
What are the prime factors of 1156887?
3, 191, 673
List the prime factors of 19033829.
17, 67, 983
What are the prime factors of 548661?
3, 182887
List the prime factors of 16196390.
2, 5, 7, 401, 577
List the prime factors of 1022191.
1022191
What are the prime factors of 832324?
2, 23, 83, 109
What are the prime factors of 170036?
2, 42509
What are the prime factors of 29645659?
1543, 19213
What are the prime factors of 2816599?
347, 8117
What are the prime factors of 11529586?
2, 5764793
What are the prime factors of 47793?
3, 89, 179
What are the prime factors of 425254?
2, 212627
List the prime factors of 9158442.
2, 3, 997, 1531
What are the prime factors of 800881?
883, 907
List the prime factors of 2764894.
2, 11, 109, 1153
What are the prime factors of 456902?
2, 228451
List the prime factors of 22848095.
5, 4569619
What are the prime factors of 69747?
3, 67, 347
List the prime factors of 4292012.
2, 31, 34613
List the prime factors of 4930818.
2, 3, 821803
List the prime factors of 1180886.
2, 7, 84349
List the prime factors of 2503678.
2, 127, 9857
What are the prime factors of 226741?
226741
List the prime factors of 79023.
3, 7, 53, 71
List the prime factors of 3313.
3313
What are the prime factors of 606750?
2, 3, 5, 809
List the prime factors of 92044.
2, 23011
List the prime factors of 362248.
2, 45281
What are the prime factors of 8686941?
3, 2895647
List the prime factors of 2048031.
3, 75853
List the prime factors of 82636.
2, 73, 283
What are the prime factors of 142367?
19, 59, 127
What are the prime factors of 343597?
23, 14939
List the prime factors of 29473876.
2, 2129, 3461
List the prime factors of 8977006.
2, 19, 337, 701
List the prime factors of 29726.
2, 89, 167
List the prime factors of 3632627.
29, 229, 547
List the prime factors of 782023.
11, 23, 281
What are the prime factors of 856582?
2, 73, 5867
List the prime factors of 325342.
2, 162671
List the prime factors of 2950507.
7, 421501
List the prime factors of 4073238.
2, 3, 13, 103
What are the prime factors of 3319969?
3319969
What are the prime factors of 12998540?
2, 5, 17, 38231
What are the prime factors of 979054?
2, 491, 997
List the prime factors of 90297.
3, 79, 127
What are the prime factors of 68419?
13, 19, 277
List the prime factors of 397580.
2, 5, 103, 193
List the prime factors of 1583605.
5, 367, 863
What are the prime factors of 20014623?
3, 23, 31, 3119
What are the prime factors of 85738?
2, 163, 263
What are the prime factors of 707511?
3, 7, 4813
List the prime factors of 767830.
2, 5, 7, 1567
What are the prime factors of 1472103?
3, 163567
What are the prime factors of 89090?
2, 5, 59, 151
What are the prime factors of 1737553?
17, 179, 571
What are the prime factors of 3297101?
3297101
List the prime factors of 2900439.
3, 322271
What are the prime factors of 491589?
3, 7, 17
What are the prime factors of 59861?
31, 1931
What are the prime factors of 10695591?
3, 479, 827
What are the prime factors of 2151841?
821, 2621
What are the prime factors of 8586254?
2, 4293127
List the prime factors of 1322065.
5, 79, 3347
List the prime factors of 98487.
3, 31, 353
List the prime factors of 602594.
2, 503, 599
List the prime factors of 1354422.
2, 3, 37, 6101
What are the prime factors of 459272?
2, 11, 17, 307
What are the prime factors of 671341?
11, 61031
What are the prime factors of 709490?
2, 5, 70949
List the prime factors of 1271575.
5, 19, 2677
List the prime factors of 10751201.
37, 277, 1049
What are the prime factors of 3374442?
2, 3, 187469
What are the prime factors of 146552?
2, 7, 2617
What are the prime factors of 15915867?
3, 11, 29, 16631
List the prime factors of 629181.
3, 7, 3329
List the prime factors of 257599.
313, 823
List the prime factors of 31576937.
7, 4510991
List the prime factors of 1061392.
2, 66337
What are the prime factors of 85027?
85027
What are the prime factors of 1665734?
2, 7, 43, 2767
List the prime factors of 13473617.
1973, 6829
List the prime factors of 91072.
2, 1423
List the prime factors of 1628224.
2, 13, 19, 103
List the prime factors of 880817.
7, 29, 4339
What are the prime factors of 4186283?
4186283
What are the prime factors of 9376759?
7, 83, 16139
List the prime factors of 8626784.
2, 71, 3797
List the prime factors of 11665406.
2, 